 and o?
12
Let p(k) = 3*k - 6*k + 4*k - 6 - 2*k. Let s be p(-12). What is the highest common factor of s and 18?
6
Suppose -t + 4*s = -6, 11*t - 6*t - 2*s = 48. Calculate the highest common divisor of t and 15.
5
Let x(h) = -h - 3. Let q be x(-7). Let c be (q/3)/(2/6). Suppose -3*y = -5*y + 2. Calculate the greatest common factor of y and c.
1
Let l(m) = -4*m**3 - 5*m**2 + 3*m + 1. Let n be l(-4). Calculate the greatest common factor of 15 and n.
15
Suppose 459 = 9*d - 6*d. What is the greatest common divisor of 17 and d?
17
Let y = 3 - -10. Suppose -4*u + t + 245 = 4*t, -4*t + 248 = 4*u. Suppose -d + u = 2*d + 4*w, -14 = -3*d + 5*w. Calculate the greatest common factor of d and y.
13
Suppose 3*g - 5*g = -14. Suppose 5*n - 7 = 5*d + 73, -5*d = -n + 64. Let j be (-255)/d - 1/4. What is the highest common factor of g and j?
7
Let y(h) = h**3 - 5*h**2 - 5*h - 3. Let o be y(6). Suppose 3*j - 47 = 4*s, -62 = -j - o*j + 5*s. What is the greatest common factor of 26 and j?
13
Suppose -3*p - 5*o - 40 = -5*p, 0 = 3*p - 4*o - 67. What is the highest common divisor of p and 300?
25
Let m be 8 - (-4 - (-6 - 0)). What is the greatest common factor of 24 and m?
6
Let p be (-6)/(-18) + 10/6. Calculate the highest common factor of 5 and p.
1
Suppose 64 = -5*t + 99. Suppose -a = -3*v + 2, -2*a - a + 30 = 3*v. Calculate the highest common divisor of a and t.
7
Suppose v - 168 = -3*v. Let i = 136 - 73. What is the greatest common divisor of i and v?
21
Let j(b) = -5*b - 15. Let m be j(-4). Let g be (6/4)/((-3)/(-20)). Let h = 15 - g. What is the highest common factor of m and h?
5
Suppose o = -3*z + 22, -4*z = z + 3*o - 42. What is the greatest common divisor of z and 30?
6
Suppose 0*m = -m + 3. Suppose n - 3*n = 4*v - 24, -4 = -2*v - m*n. What is the highest common divisor of v and 32?
8
Suppose w = f + 4, 2*f = -w - 4*w - 15. Let s(v) = 8*v**2 - v. Let a be s(w). Let h be (0 - 0) + -1 + a. What is the greatest common factor of h and 56?
8
Let n be 3 + (4 - 9) - 0. Let h(y) = -3*y**3 + 2*y + 1. Let l be h(n). What is the highest common divisor of l and 105?
21
Suppose 0 = 4*u - u - 180. Calculate the highest common divisor of u and 15.
15
Suppose 54 = -32*n + 35*n. What is the greatest common divisor of n and 54?
18
Suppose 0 = -3*y - 0*y - 198. Let k = 33 - y. Calculate the highest common divisor of 11 and k.
11
Let m = -1 + -44. Let t = 3 - m. Calculate the greatest common divisor of 6 and t.
6
Suppose -5*a + 70 = -2*g, a - 2*g - 2*g - 32 = 0. Calculate the greatest common factor of a and 48.
12
Let w be 0 + ((-1)/(-4) - (-923)/4). What is the greatest common divisor of w and 66?
33
Let y(g) = g**3 + 6*g**2 - 5*g + 8. Let q be y(-7). Let u = 11 + q. Calculate the highest common divisor of u and 5.
5
Let u = -3 - -23. Let s = -4 - -8. Calculate the highest common factor of u and s.
4
Let l(o) = -o**2 - 6*o + 3. Let f be l(-3). Let m = f - -1. Suppose 89 = -h + 206. Calculate the highest common divisor of h and m.
13
Suppose -7*g + 2*g = 45. Let t(w) = -2*w**2 - 5*w. Let p be t(g). Let u = 232 + p. What is the highest common divisor of 46 and u?
23
Suppose -8 = -5*n + 7. Suppose -12 = 4*z, -j - j + z + n = 0. Let u(b) = -b + 104. Let s be u(j). What is the greatest common factor of s and 13?
13
Suppose 5*d = 152 + 13. Calculate the highest common factor of 11 and d.
11
Let l = -7 + 11. Suppose l = -2*r + 8. Suppose 0*a - 6 = -r*a. Calculate the highest common factor of 24 and a.
3
Suppose -34 = -4*u + 3*n, 2*u - 9*n = -7*n + 18. Suppose -2*k = 4*v - 6, 8*v - 4*k = 3*v + 1. What is the greatest common factor of v and u?
1
Let v be (-70)/42*(1 + -10). What is the highest common divisor of v and 12?
3
Let v = 11 + -8. Suppose -v*y = 5*f - 219 - 48, y + 163 = 3*f. Let n be f/6 + (2 - -1). Calculate the greatest common factor of 4 and n.
4
Suppose -i + 6*i - 5 = 0. What is the greatest common factor of i and 1?
1
Let v be 10 + (3 - (-25)/(-5)). Calculate the highest common factor of v and 4.
4
Suppose -21 = -2*f + 35. Calculate the highest common factor of 56 and f.
28
Let o be -15*3/(18/(-8)). Calculate the highest common factor of 50 and o.
10
Suppose -4*r + 214 = 150. What is the greatest common divisor of 64 and r?
16
Let r = 27 - 18. Let a(o) be the third derivative of o**5/60 - 7*o**4/24 + 3*o**3/2 - 3*o**2. Let q be a(9). What is the highest common factor of r and q?
9
Suppose -2*m + 1 = 9. Let r(i) = -3*i + 6 - 4 - 4. Let x be r(m). What is the greatest common factor of x and 70?
10
Let y be (3 - (-11)/(-5))*30. What is the greatest common divisor of y and 48?
24
Suppose 0*q + 6 = -q - p, 4*p = 12. Suppose -2*d + 23 + 1 = 0. Let v be q/d*-1*168. What is the highest common divisor of 14 and v?
14
Let s(n) = 3 + 0 - 1 - 2*n. Let y be s(-3). Calculate the greatest common divisor of 8 and y.
8
Let j = 114 - 54. What is the highest common divisor of 24 and j?
12
Let h(w) = 3*w**2 - 6*w. Let z = 19 - 15. Let v be h(z). What is the greatest common factor of v and 48?
24
Suppose -2*h + 2*n + 6 = 0, h + 5*n = 4*h - 11. Let u = h - -1. Calculate the highest common factor of 1 and u.
1
Suppose -s - 4*s = 0. Suppose 2*z = -s*z + 40. Let y be ((-176)/z)/((-2)/35). Calculate the highest common factor of y and 14.
14
Suppose -136 + 6 = -5*y + 5*s, s - 2 = 0. Let m(h) = 54 - 6 + 22 + h**2. Let k be m(0). Calculate the highest common factor of y and k.
14
Suppose -k + 16 = 3*k, -2 = -2*t + 2*k. Let a = 4 - -11. What is the highest common divisor of t and a?
5
Suppose -5*w + 4*l - 278 = 0, -2*w - 3*l - 104 = -l. Let c be ((-6)/(-9))/((-4)/w). Calculate the highest common divisor of 18 and c.
9
Let i = 319 - 200. Suppose -51 = 5*o - 8*o. What is the greatest common divisor of i and o?
17
Let y = -5 + 16. What is the greatest common factor of 88 and y?
11
Suppose 2*w - 4 + 0 = 0. Let z(p) = 5*p**2 + 2*p - 2. Let b be z(-2). Calculate the highest common factor of w and b.
2
Suppose 5*g = -n + 205, 0 = 4*g + 4*n + n - 143. Suppose -2*k = -4*t, 5*k = 5*t - 2*t - 28. Let y = k + 14. Calculate the highest common factor of y and g.
6
Suppose -9 = -8*f + 5*f. Suppose 49 = 2*o - v, f*o + 2*o = -3*v + 117. Calculate the greatest common factor of o and 144.
24
Let h be 1 - ((-16)/(-1))/2. Let a = 13 + h. Calculate the greatest common factor of 6 and a.
6
Suppose -f - 6 = -3. Let d be f/12 - (-129)/4. Calculate the greatest common factor of d and 48.
16
Suppose 3*n = -0 + 45. Let h(m) = 2*m - 5. Suppose 5*j = 5*v + 25, 0*j = 5*j - 2*v - 25. Let x be h(j). What is the greatest common factor of x and n?
5
Let r = 1 + 19. What is the highest common factor of 4 and r?
4
Let d = 3 + 20. Calculate the highest common factor of 23 and d.
23
Suppose 0 = 4*l + 3*s - 21, 0*l = l + 3*s - 3. Calculate the greatest common divisor of l and 9.
3
Suppose 0 = -2*s - 5*b + 32, -2*b + 10 = s - b. Calculate the greatest common factor of 3 and s.
3
Let a be (6/4)/((-6)/(-72)). What is the highest common factor of a and 144?
18
Let n be (-10)/(-3) - (-2)/(-6). Let m be (n/(-4))/((-2)/(-8)). Let f be (-48)/m - (-1 - 1). Calculate the greatest common factor of f and 6.
6
Let g = -9 - -45. Let o = 168 - 114. Calculate the highest common divisor of o and g.
18
Let b = -5 - -2. Let x(l) = -l**2 - 4*l - 1. Let s be x(b). Suppose -j + 10 = -s. What is the highest common factor of j and 108?
12
Let k = 148 + -71. What is the highest common divisor of k and 7?
7
Suppose -3*m + 624 = d + 3*d, -780 = -5*d - 4*m. What is the greatest common divisor of d and 26?
26
Let g = 222 + -131. Suppose -5*a = -25, x - 2*a = -0*x + 3. Calculate the highest common factor of x and g.
13
Let q be (-3)/12 + 26/8. What is the highest common divisor of 12 and q?
3
Let x(d) = -2*d**3 - 6*d**2 - 3*d + 2. Let h be x(-4). Calculate the highest common factor of h and 230.
46
Let j = -22 + 32. Let l be ((-14)/(-2) + -2)*2. Calculate the greatest common divisor of j and l.
10
Let c = -34 + 49. Let r be 1/4 - c/(-4). Let l be (66/(-4))/(r/(-8)). Calculate the greatest common factor of l and 22.
11
Let p(a) = 11*a**2 + 23*a - 4. Let r(u) = 7*u**2 + 15*u - 3. Let l(z) = 5*p(z) - 8*r(z). Let t be l(-5). Calculate the highest common factor of 16 and t.
4
Suppose -3*b + 2 + 4 = 0. Suppose -5*k + 164 = -91. Suppose b*w = -w + k. Calculate the greate